{"id":817,"date":"2016-04-18T07:29:55","date_gmt":"2016-04-18T06:29:55","guid":{"rendered":"http:\/\/www.puurwilma.nl\/?page_id=817"},"modified":"2016-04-18T07:30:59","modified_gmt":"2016-04-18T06:30:59","slug":"gratis-3-delige-videoserie-gezond-oersterk-leven","status":"publish","type":"page","link":"http:\/\/www.puurwilma.nl\/index.php\/wat-te-doen-als-je-wil-starten-met-paleo\/gratis-3-delige-videoserie-gezond-oersterk-leven\/","title":{"rendered":"Gratis 3-delige videoserie"},"content":{"rendered":"<p>Mijn trouwe fans weten het al: ik ben fan van het gedachtegoed van <strong>Richard de Leth<\/strong>. Ik schrijf de artikelen op mijn website en de recepten onder de noemer Paleo, hij noemt het OERsterk leven en eten. Hoe je het noemt, is niet zo belangrijk. De kern komt steeds overeen: eet en leef\u00a0zo puur mogelijk. Als het om eten gaat, zonder pakjes en zakjes. En zonder andere ongezonde toevoegingen. Eet zo veel mogelijk zoals eten bedoeld is. Naast gezonde voeding is natuurlijk ook voldoende beweging belangrijk voor een evenwichtige levensstijl. En in deze tijden van stress en prikkels is de juiste hoeveelheid ontspanning ook essentieel om lang vitaal te blijven. Ik ben zeer verheugd dat ik je nu namens Richard een <a href=\"http:\/\/www.paypro.nl\/producten\/OERsterk_Online_Cursus_\u201cGezond_in_4_Weken\u201d\/37844\/46883\" target=\"_blank\">gratis 3-delige videoserie over gezond &amp; oersterk leven mag aanbieden. <\/a><\/p>\n<p>Wat kun je verwachten in deze GRATIS 3-delige videoserie?<\/p>\n<div><i>Hoe integreer je ontspanning, voeding en beweging op een juiste \u00e9n praktische manier in een gezonde leefstijl? In deze gratis 3-delige video-serie geeft drs. Richard de Leth jou zijn visie op &#8220;OERsterk leven&#8221;. Hij leert je hoe je lichaam werkt en geeft je praktische leefstijladviezen voor een optimale gezondheid. Want dat is veel gemakkelijker dan je denkHoe integreer je ontspanning, voeding en beweging op een juiste \u00e9n praktische manier in een gezonde leefstijl? In deze gratis 3-delige video-serie geeft drs. Richard de Leth jou zijn visie op &#8220;OERsterk leven&#8221;. Hij leert je hoe je lichaam werkt en geeft je praktische leefstijladviezen voor een optimale gezondheid. Want dat is veel gemakkelijker dan je denkt!<\/i><\/div>\n<div><i>\u00a0<\/i><\/div>\n<div><strong><i>Video 1: de O van Ontspanning<\/i><\/strong><\/div>\n<div><i>In de eerste video legt Richard uit dat voeding en beweging alleen niet volstaan om van klachten te herstellen of gezonder te leven. Het belangrijkste is namelijk dat je geen stress hebt. Richard licht toe welke stressvormen er zijn, hoe het moderne leven jouw bijnier uitdaagt, hoe de bij<a href=\"http:\/\/www.puurwilma.nl\/wp-content\/uploads\/2016\/04\/richard-speaking.jpg\" rel=\"attachment wp-att-818\"><img loading=\"lazy\" class=\"alignright wp-image-818 size-medium\" src=\"http:\/\/www.puurwilma.nl\/wp-content\/uploads\/2016\/04\/richard-speaking-300x202.jpg\" alt=\"gratis 3-delige videoserie\" width=\"300\" height=\"202\" srcset=\"http:\/\/www.puurwilma.nl\/wp-content\/uploads\/2016\/04\/richard-speaking-300x202.jpg 300w, http:\/\/www.puurwilma.nl\/wp-content\/uploads\/2016\/04\/richard-speaking.jpg 616w\" sizes=\"(max-width: 300px) 100vw, 300px\" \/><\/a>nier, schildklier en voortplantingsorganen samenhangen en geeft tips hoe je beter voor jezelf kunt zorgen.<\/i><\/div>\n<div><i>\u00a0<\/i><\/div>\n<div><strong><i>Video 2: de E van Eten<\/i><\/strong><\/div>\n<div><i>Veel mensen lijden aan voedselverwarring. Richard vertelt je op welke voeding we oorspronkelijk zijn ontwikkeld en wat je beter meer of minder kunt eten. Je leert dat het niet alleen maar gaat om w\u00e1t je eet, maar ook hoe v\u00e1\u00e1k je eet. Als je dat snapt kun je beter voor je gezondheid zorgen. Met concrete tips die je gelijk op je bord kunt toepassen.<\/i><\/div>\n<div><i>\u00a0<\/i><\/div>\n<div><strong><i>Deel 3: De R van Regelmatige lichaamsbeweging<\/i><\/strong><\/div>\n<div><i>Waarom is bewegen zo belangrijk? Naast sporten gaat het vooral op het vermijden van lang stilzitten. En dat is uitdagend in een maatschappij die uitnodigt om vaak op je kont te zitten! Beweging is het beste medicijn tegen westerse welvaartsziekten, maar hoe werkt dit precies? Richard vertel je er alles over en geeft je praktische tips om meer te bewegen.<\/i><\/div>\n<div><i>\u00a0<\/i><\/div>\n<div><\/div>\n<div>Dus: wil je meer weten over gezond eten en leven? Meld je dan nu aan voor deze <a href=\"http:\/\/www.paypro.nl\/producten\/OERsterk_Online_Cursus_\u201cGezond_in_4_Weken\u201d\/37844\/46883\" target=\"_blank\">GRATIS 3-delige videoserie <\/a>en geniet van dit cadeautje!<\/div>\n<div><\/div>\n<div><\/div>\n<div>Liefs van Puur Wilma<\/div>\n","protected":false},"excerpt":{"rendered":"<p>Mijn trouwe fans weten het al: ik ben fan van het gedachtegoed van Richard de Leth. Ik schrijf de artikelen op mijn website en de recepten onder de noemer Paleo, hij noemt het OERsterk leven en eten. Hoe je het noemt, is niet zo belangrijk. De kern komt steeds overeen: eet en leef\u00a0zo puur mogelijk. [&hellip;]<\/p>\n","protected":false},"author":1,"featured_media":0,"parent":31,"menu_order":0,"comment_status":"closed","ping_status":"closed","template":"","meta":[],"_links":{"self":[{"href":"http:\/\/www.puurwilma.nl\/index.php\/wp-json\/wp\/v2\/pages\/817"}],"collection":[{"href":"http:\/\/www.puurwilma.nl\/index.php\/wp-json\/wp\/v2\/pages"}],"about":[{"href":"http:\/\/www.puurwilma.nl\/index.php\/wp-json\/wp\/v2\/types\/page"}],"author":[{"embeddable":true,"href":"http:\/\/www.puurwilma.nl\/index.php\/wp-json\/wp\/v2\/users\/1"}],"replies":[{"embeddable":true,"href":"http:\/\/www.puurwilma.nl\/index.php\/wp-json\/wp\/v2\/comments?post=817"}],"version-history":[{"count":2,"href":"http:\/\/www.puurwilma.nl\/index.php\/wp-json\/wp\/v2\/pages\/817\/revisions"}],"predecessor-version":[{"id":820,"href":"http:\/\/www.puurwilma.nl\/index.php\/wp-json\/wp\/v2\/pages\/817\/revisions\/820"}],"up":[{"embeddable":true,"href":"http:\/\/www.puurwilma.nl\/index.php\/wp-json\/wp\/v2\/pages\/31"}],"wp:attachment":[{"href":"http:\/\/www.puurwilma.nl\/index.php\/wp-json\/wp\/v2\/media?parent=817"}],"curies":[{"name":"wp","href":"https:\/\/api.w.org\/{rel}","templated":true}]}}